74274401?
2
What is the units digit of 2121712223?
3
What is the units digit of 37111926?
6
What is the units digit of 29599690?
0
What is the ten millions digit of 2130703271?
3
What is the ten millions digit of 49093250?
4
What is the millions digit of 210980984?
0
What is the thousands digit of 165471587?
1
What is the thousands digit of 740917604?
7
What is the hundreds digit of 278064341?
3
What is the units digit of 803819133?
3
What is the thousands digit of 29671304?
1
What is the thousands digit of 159032073?
2
What is the hundred thousands digit of 6955340241?
3
What is the units digit of 999431584?
4
What is the units digit of 301600996?
6
What is the hundred thousands digit of 300535899?
5
What is the units digit of 4289704090?
0
What is the millions digit of 297061544?
7
What is the hundred thousands digit of 15870777?
8
What is the thousands digit of 394142236?
2
What is the units digit of 39863627?
7
What is the thousands digit of 980871429?
1
What is the billions digit of 1312739179?
1
What is the hundred thousands digit of 338615755?
6
What is the millions digit of 81239894?
1
What is the thousands digit of 4889098662?
8
What is the millions digit of 74302623?
4
What is the tens digit of 742532011?
1
What is the millions digit of 483930643?
3
What is the tens digit of 141056855?
5
What is the hundred millions digit of 154310278?
1
What is the millions digit of 426733296?
6
What is the millions digit of 89806824?
9
What is the tens digit of 469701638?
3
What is the hundred millions digit of 900519253?
9
What is the units digit of 45428281?
1
What is the thousands digit of 10386554?
6
What is the hundred thousands digit of 1110353422?
3
What is the ten thousands digit of 17162252?
6
What is the units digit of 852559377?
7
What is the millions digit of 124665913?
4
What is the units digit of 142839199?
9
What is the hundred thousands digit of 286851662?
8
What is the thousands digit of 4961838206?
8
What is the ten millions digit of 81743046?
8
What is the thousands digit of 744698982?
8
What is the thousands digit of 50848520?
8
What is the billions digit of 2235513540?
2
What is the hundred thousands digit of 7683150315?
1
What is the hundred thousands digit of 834165198?
1
What is the units digit of 197558509?
9
What is the thousands digit of 44750510?
0
What is the hundreds digit of 355677792?
7
What is the millions digit of 51521590?
1
What is the hundreds digit of 1339923221?
2
What is the ten thousands digit of 1616273115?
7
What is the tens digit of 65707630?
3
What is the hundred thousands digit of 18145312?
1
What is the hundreds digit of 33182704?
7
What is the thousands digit of 711814878?
4
What is the thousands digit of 70574879?
4
What is the hundreds digit of 255414697?
6
What is the thousands digit of 48012278?
2
What is the millions digit of 1752791160?
2
What is the units digit of 84364773?
3
What is the units digit of 215948329?
9
What is the units digit of 57921362?
2
What is the thousands digit of 75415202?
5
What is the hundreds digit of 397210395?
3
What is the hundreds digit of 103344263?
2
What is the hundred millions digit of 373287518?
3
What is the hundreds digit of 347991043?
0
What is the thousands digit of 30328031?
8
What is the hundred thousands digit of 150971770?
9
What is the hundred thousands digit of 59067223?
0
What is the millions digit of 412694443?
2
What is the thousands digit of 171025785?
5
What is the tens digit of 1165368093?
9
What is the hundreds digit of 125192412?
4
What is the units digit of 49339216?
6
What is the ten millions digit of 2535180454?
3
What is the millions digit of 787882037?
7
What is the tens digit of 17088622?
2
What is the tens digit of 31834316?
1
What is the hundred thousands digit of 4394860033?
8
What is the ten thousands digit of 3108753231?
5
What is the thousands digit of 169954571?
4
What is the thousands digit of 74337554?
7
What is the units digit of 178051992?
2
What is the hundred thousands digit of 37676004?
6
What is the tens digit of 753144169?
6
What is the millions digit of 114169174?
4
What is the units digit of 685888011?
1
What is the thousands digit of 120495179?
5
What is the ten millions digit of 79861815?
7
What is the millions digit of 174429494?
4
What is the hundreds digit of 111799461?
4
What is the ten thousands digit of 1212690681?
9
What is the hundred thousands digit of 23695020?
6
What is the tens digit of 86063722?
2
What is the ten thousands digit of 39674799?
7
What is the thousands digit of 7945401?
5
What is the hundred thousands digit of 4239716441?
7
What is the hundreds digit of 366966345?
3
What is the ten millions digit of 1633864420?
3
What is the hundreds digit of 534054578?
5
What is the hundred thousands digit of 64710334?
7
What is the thousands digit of 1499297?
9
What is the hundred thousands digit of 79021781?
0
What is the hundred thousands digit of 994373247?
3
What is the millions digit of 1073805496?
3
What is the units digit of 76840619?
9
What is the units digit of 31540236?
6
What is the units digit of 150615772?
2
What is the hundreds digit of 1295462757?
7
What is the tens digit of 287793986?
8
What is the millions digit of 7824412?
7
What is the thousands digit of 364089609?
9
What is the tens digit of 4967295048?
4
What is the units digit of 4018985958?
8
What is the hundred thousands digit of 2094893506?
8
What is the units digit of 146557444?
4
What is the tens digit of 704259126?
2
What is the hundred thousands digit of 36005081?
0
What is the units digit of 134386856?
6
What is the millions digit of 44543089?
4
What is the hundred millions digit of 771568155?
7
What is the thousands digit of 572228648?
8
What is the hundreds digit of 577557220?
2
What is the millions digit of 16954848?
6
What is the ten millions digit of 35815137?
3
What is the billions digit of 3815351767?
3
What is the tens digit of 20553619?
1
What is the thousands digit of 17157911?
7
What is the units digit of 6618099?
9
What is the ten millions digit of 936603845?
3
What is the hundred thousands digit of 198966071?
9
What is the hundred thousands digit of 2895016037?
0
What is the hundred thousands digit of 34097135?
0
What is the thousands digit of 6224563?
4
What is the thousands digit of 9369984607?
4
What is the hundreds digit of 1484760898?
8
What is the units digit of 145825993?
3
What is the tens digit of 39126445?
4
What is the ten millions digit of 288283644?
8
What is the hundred thousands digit of 726205636?
2
What is the ten millions digit of 67122973?
6
What is the thousands digit of 42025262?
5
What is the tens digit of 164547119?
1
What is the ten millions digit of 430603307?
3
What is the hundred thousands digit of 15876415?
8
What is the millions digit of 117645311?
7
What is the ten thousands digit of 132767337?
6
What is the hundred thousands digit of 1900154154?
1
What is the millions digit of 20835366?
0
What is the hundred thousands digit of 628516518?
5
What is the millions digit of 291828881?
1
What is the tens digit of 323357943?
4
What is the thousands digit of 20488337?
8
What is the millions digit of 388364912?
8
What is the millions digit of 32158716?
2
What is the ten thousands digit of 63256869?
5
What is the units digit of 160287588?
8
What is the hundred thousands digit of 7040062?
0
What is the hundred thousands digit of 379147576?
1
What is the billions digit of 1931921723?
1
What is the units digit of 2491077882?
2
What is the hundred millions digit of 358451396?
3
What is the tens digit of 44845707?
0
What is the hundred thousands digit of 94384221?
3
What is the tens digit of 1436182188?
8
What is the thousands digit of 401518850?
8
What is the ten millions digit of 18360691?
1
What is the hundred thousands digit of 593103779?
1
What is the tens digit of 1063857378?
7
What is the hundred millions digit of 792508156?
7
What is the ten thousands digit of 271899773?
9
What is the thousands digit of 2681339448?
9
What is the tens digit of 389665872?
7
What is the hundred thousands digit of 231895620?
8
What is the millions digit of 390075928?
0
What is the ten millions digit of 1509509169?
0
What is the ten thousands digit of 188827399?
2
What is the hundred millions digit of 4375191